. Let o(z) = 1 + 8*z**2 - z**3 - 3*z - 3 - 3*z**2. Let r be o(4). What is the tens digit of p(r)?
3
Let b be 20/(-6)*12/(-2). Let r = b - -23. What is the units digit of r?
3
Let u = 2381 + -1179. What is the hundreds digit of u?
2
Let m(g) = g**3 - 2*g**2 - g - 6. What is the units digit of m(14)?
2
Let q(w) = -w**2 + 4*w - 5. Let r be q(2). What is the units digit of 6 - (6/2 - r)?
2
Let q be (112/3)/(-2)*3*-3. Let n = 288 - q. What is the units digit of n?
0
Let b(d) = d**2 - 6*d + 8. Let w be b(6). Let v be ((-172)/w)/((-2)/4). Suppose 0 = -4*x + v + 13. What is the units digit of x?
4
Let p be (16/(-20))/((-1)/15). Suppose 2*m - p = -2*m. Suppose -m*n + 4*n = 7. What is the units digit of n?
7
Let w(c) = -3*c - 3. Let q(i) = 2*i - 14. Let k be q(6). Let b be w(k). Suppose 0 = -j - 5*h + 14, -b*h = 5*j - 6*h - 42. What is the units digit of j?
9
What is the hundreds digit of 3 - ((-6)/(-15))/(5/(-2350))?
1
Let i(o) = -2*o**3 - 4*o**2 - 4*o - 4. Let m be i(-2). Suppose -3*d + 3*y + 24 = 0, d - m*y - 16 = -y. What is the units digit of d/12 + (-152)/(-3)?
1
Let v(r) = -r**2 - 30*r - 181. Let c be v(-20). Let h be 2/4 + (-193)/(-2). Suppose -h + c = -3*m. What is the units digit of m?
6
Let h(x) = x**2 + 3*x + 597. What is the hundreds digit of h(0)?
5
Let i(u) = u**2 + 8*u + 45. Let f be (9 + -4)*64/(-20). What is the units digit of i(f)?
3
Suppose -18*b = 11*b - 94163. What is the hundreds digit of b?
2
What is the hundreds digit of (18 + -10)/(2/262)?
0
Let l(c) = 6*c**2 + 11*c + 7. What is the hundreds digit of l(10)?
7
Let d = 366 - 136. What is the units digit of d?
0
Let x = -29 - -67. What is the tens digit of x?
3
Suppose 0*a - 4246 = -11*a. What is the hundreds digit of a?
3
Suppose 4*f + 465 = 4*l - 467, 0 = 4*l + 3*f - 967. What is the tens digit of l?
3
Suppose 0*q - 784 = -j + 4*q, -2*j - q + 1595 = 0. What is the hundreds digit of j?
7
Suppose 3*m = 5*h + 63, 3*h - 4*m + 39 = -m. Let i be (-3)/(h/40) - 0. Let o(v) = v - 9. What is the units digit of o(i)?
1
Let w = 12 - 7. Suppose -3*b - w*t + 2 = -2*b, -3*t = -b + 42. What is the units digit of b?
7
Suppose -4*s + 771 = -23*v + 24*v, 3*s = -6. What is the units digit of v?
9
Suppose -56*i = -12*i - 19844. What is the hundreds digit of i?
4
What is the hundreds digit of 40374/22 + (7 - 395/55)?
8
Suppose m - 7*k - 835 = -6*k, -5*m - 2*k + 4154 = 0. What is the units digit of m?
2
Let q = -60 + 68. Let l = 33 - q. What is the tens digit of l?
2
Let x(s) be the second derivative of 0 + 0*s**2 - 7/6*s**3 - 3*s. What is the tens digit of x(-3)?
2
Let i = -1 + -2. Suppose 3*x + 0*x = 0. What is the tens digit of 15*(-3)/i + x?
1
Suppose 2*s = -b - 32, 0 = 5*b + s + 150 - 8. Let l = -113 + 80. Let y = b - l. What is the units digit of y?
5
Let l = 22 + -7. What is the tens digit of ((-42)/5)/((-3)/l)?
4
Suppose 15*a + 2868 = 2*i + 20*a, -i + 1436 = 3*a. What is the units digit of i?
4
Let u be 6/24 + 2457/12. Suppose -97 = -p - 5*f, -4*f - u - 193 = -5*p. What is the tens digit of p?
8
Let q(u) = -u**3 - 18*u**2 - 18*u + 11. Let n be q(-17). Let d = n - 18. What is the units digit of d?
0
Suppose -2*y = -4*n + 98, y = -4*n + 124 - 29. Let p = n - 28. What is the tens digit of 4*p/32*-74?
3
Suppose -5*z = 28 - 168. Suppose 2*p - 4*p - 8 = 0, -3*n + 4*p = -z. What is the tens digit of (0 - (-37)/n)*4?
3
What is the hundreds digit of 7/(35/(-1235))*(0 + -1)?
2
Suppose -4*r - 20 = 0, 5*b - 4*r - 438 = 507. What is the hundreds digit of b?
1
Let x(v) = -4*v**2 + 11*v + 2. Let l be x(6). Let b = l - -117. What is the units digit of b?
1
Suppose 5*p + 14 = 4. Let j = 27 - p. Suppose n = 2*n - j. What is the tens digit of n?
2
Suppose 2*l - 4*l - 68 = 0. Let f = -31 - l. Suppose 2*y + 13 - 71 = 2*p, -f*y + 75 = 3*p. What is the units digit of y?
7
What is the hundreds digit of (-4)/((-16)/1540) - -6?
3
Let k be (-1 - (-1)/3)*-36. Let o be (323/38)/((-2)/(-12)). Suppose -t + o = -k. What is the units digit of t?
5
Let q = 6636 - 4424. What is the thousands digit of q?
2
Let z(m) = -45*m - 4. Let h be z(-2). Suppose -268 = -5*s - 2*r - h, s = 3*r + 50. What is the units digit of s?
8
Let w(q) = 25*q**2 + 6*q - 17. What is the tens digit of w(5)?
3
Let i(h) = -h + 14. Let q be i(17). Let g be (q - -4 - 0)*3. Suppose g*w = -0*w + 42. What is the units digit of w?
4
Suppose 0 = 29*f + 30*f - 120301. What is the tens digit of f?
3
Suppose -2*p = 20*y - 23*y + 15237, -4*p = 0. What is the thousands digit of y?
5
Let o(l) be the first derivative of -7 + 16/3*l**3 - l + 0*l**2. What is the units digit of o(1)?
5
Let a(b) = -12*b - 8. Let s be a(-8). Let j = s + -123. Let k = j + 65. What is the units digit of k?
0
Let d = -53 - -44. What is the units digit of -9*3/d + 134?
7
Suppose 0 = -4*n + h + 9375, -9*h - 4692 = -2*n - 7*h. What is the units digit of n?
3
Suppose -2*q = -2*g - 2, 5*q + 35 = 15. Let i(y) = y**2 - 5*y - 1. What is the units digit of i(g)?
9
Suppose 2*a + t = 3*t - 12, 0 = -5*a - t - 48. Let z = 15 + a. What is the tens digit of (-203)/(-3) + 2/z?
6
Let o be (-2)/(-6)*(-5)/(-30)*0. Suppose 2*p - 321 - 337 = o. What is the hundreds digit of p?
3
Let q be 14*(1 + 1 + 23). Suppose -3*g + q = -g - 2*f, 0 = -f + 5. Let s = g + -128. What is the units digit of s?
2
Let v = -147 - -193. Let j = 0 - -3. Suppose -i + j*i - v = 0. What is the units digit of i?
3
Suppose 19*h = 50717 - 10722. What is the thousands digit of h?
2
Let w(z) = z - 26. Let k be w(6). Let v = k - -80. What is the tens digit of v?
6
Let m = 30 - 27. Suppose 0 = -m*d + 251 - 11. What is the units digit of d?
0
Suppose -3*w = -2*m + 3, 4*m + 17 = 8*m + 5*w. Suppose 2*y - 72 = m*q + 55, 3*q - 59 = -y. What is the tens digit of y?
6
Let j(i) = i**3 - 8*i**2 + 7*i + 6. Let h be j(7). Suppose 1566 = h*g + 426. What is the hundreds digit of g?
1
What is the thousands digit of (-42)/(42/(-7)) - -3791?
3
Suppose -5*l = -2*y + 10, -y + 6 + 0 = -3*l. Suppose y = 3*s + 3*o - 738, -6*o + 8*o = 10. What is the tens digit of s?
4
Suppose -9*a = -1627 - 7085. What is the units digit of a?
8
Let m(f) = f + 5. Let i be m(-3). Let c be (i - 3) + (-100)/(-1). Let y = -42 + c. What is the units digit of y?
7
Let k(v) = -2*v - 5*v**2 - 2*v**3 + 7*v - 4 + 8*v**2 + 0*v. Let z be k(4). What is the units digit of -6*8/(z/60)?
5
Suppose -5*u = 5*k - u - 9186, 3*u = 12. What is the thousands digit of k?
1
What is the hundreds digit of 284549/134 + 7/2?
1
Let g = -32 - -107. What is the tens digit of 3 + 0/1 + g + 17?
9
Let d = 7 + -5. Suppose 3*w = d*w + 3*j + 107, 4*w + j - 454 = 0. What is the units digit of w?
3
Suppose 7*u - 3736 - 464 = 0. What is the tens digit of u?
0
Suppose -y - 165 + 1908 = 0. What is the units digit of y?
3
Let s = 27 + -39. Let c be (s/10)/(8/(-240)). Suppose 0 = -3*k - 3*v + c, -2*k + 5*v + 19 = 2. What is the units digit of k?
1
Suppose 11 + 21 = -4*h. Let c = -177 + 171. What is the units digit of c/5*60/h?
9
Suppose 5*q = 3*v - 62, 0 = 5*v - 4*q - 49 - 50. Let y = v + -14. Suppose -y*h + m = 2*m - 36, -h = m - 8. What is the units digit of h?
7
Let r(p) = p**3 - 14*p**2 + 15*p + 19. Let h(b) = b**2 - 3. Let m be h(-4). What is the units digit of r(m)?
5
Let a(k) = k**2 - k - 5. Let m be a(7). Suppose -4 = -j + m. What is the tens digit of j?
4
Suppose 794 = o + 1. What is the units digit of o?
3
Let r be 2287/5 - (5 - (-56)/(-10)). Suppose -i = -4*d + i + r, -4*d - i = -449. What is the tens digit of d?
1
Let d = -22 + 27. Suppose 2*j - d*a - 141 = 0, -5*a + 32 = -j + 105. What is the units digit of j?
8
Suppose 5*a = -3449 + 1159. Let s be a/(-8) + 8/(-32). Suppose -w - 6*o = -o - s, 2*o - 8 = 0. What is the tens digit of w?
3
Let i = 52 - 37. Suppose -2*m = 3*m - i. Suppose -3*w + 42 + m = 0. What is the tens digit of w?
1
Let p = -11 - -44. Let q = p - 31. Suppose -q*d - 196 = -6*d. What is the tens digit of d?
4
Let j = -452 - -1350. What is the units digit of j?
8
Let x(u) = 2*u + 15. Let y be x(-10). Let f = 11 - y. What is the tens digit of f?
1
Let o be 1*0/((-8)/4). What is the units digit of (-4)/(-2)*(o + 1 + 18)?
8
Let v(p) = 19*p**2 + 6*p - 3. What is the hundreds digit of v(-6)?
6
Let s be -1 - 3/(12/(-16)). Suppose s*y = -y + 40. What is the units digit of y?
0
Let k(t) = -t**3 + 4*t**2 - t -